{"id":61,"date":"2020-07-17T17:39:31","date_gmt":"2020-07-17T17:39:31","guid":{"rendered":"https:\/\/staging.primuselectronic.de\/?page_id=61"},"modified":"2020-08-07T15:09:54","modified_gmt":"2020-08-07T15:09:54","slug":"stromsenke-cs960","status":"publish","type":"page","link":"https:\/\/www.primuselectronic.de\/index.php\/stromsenke-cs960\/","title":{"rendered":"Stromsenke CS960"},"content":{"rendered":"\t\t<div data-elementor-type=\"wp-page\" data-elementor-id=\"61\" class=\"elementor elementor-61\">\n\t\t\t\t\t\t<section class=\"elementor-section elementor-top-section elementor-element elementor-element-177fc09 elementor-section-boxed elementor-section-height-default elementor-section-height-default\" data-id=\"177fc09\" data-element_type=\"section\" data-e-type=\"section\">\n\t\t\t\t\t\t<div class=\"elementor-container elementor-column-gap-default\">\n\t\t\t\t\t<div class=\"elementor-column elementor-col-100 elementor-top-column elementor-element elementor-element-e6e17da\" data-id=\"e6e17da\" data-element_type=\"column\" data-e-type=\"column\">\n\t\t\t<div class=\"elementor-widget-wrap elementor-element-populated\">\n\t\t\t\t\t\t<section class=\"elementor-section elementor-inner-section elementor-element elementor-element-34b289d elementor-section-boxed elementor-section-height-default elementor-section-height-default\" data-id=\"34b289d\" data-element_type=\"section\" data-e-type=\"section\">\n\t\t\t\t\t\t<div class=\"elementor-container elementor-column-gap-default\">\n\t\t\t\t\t<div class=\"elementor-column elementor-col-100 elementor-inner-column elementor-element elementor-element-aabdb49\" data-id=\"aabdb49\" data-element_type=\"column\" data-e-type=\"column\">\n\t\t\t<div class=\"elementor-widget-wrap elementor-element-populated\">\n\t\t\t\t\t\t<div class=\"elementor-element elementor-element-f8ed4a4 elementor-widget elementor-widget-text-editor\" data-id=\"f8ed4a4\" data-element_type=\"widget\" data-e-type=\"widget\" data-widget_type=\"text-editor.default\">\n\t\t\t\t<div class=\"elementor-widget-container\">\n\t\t\t\t\t\t\t\t\t<p><span><strong>Stromsenken-Einschub CS960<\/strong><\/span><\/p><p><strong><span>16 unabh\u00e4ngige elektronische Lasten mit Energier\u00fcckspeisung<\/span><\/strong><\/p>\t\t\t\t\t\t\t\t<\/div>\n\t\t\t\t<\/div>\n\t\t\t\t\t<\/div>\n\t\t<\/div>\n\t\t\t\t\t<\/div>\n\t\t<\/section>\n\t\t\t\t<section class=\"elementor-section elementor-inner-section elementor-element elementor-element-18e4428 elementor-section-boxed elementor-section-height-default elementor-section-height-default\" data-id=\"18e4428\" data-element_type=\"section\" data-e-type=\"section\">\n\t\t\t\t\t\t<div class=\"elementor-container elementor-column-gap-default\">\n\t\t\t\t\t<div class=\"elementor-column elementor-col-50 elementor-inner-column elementor-element elementor-element-4bb5a1d\" data-id=\"4bb5a1d\" data-element_type=\"column\" data-e-type=\"column\">\n\t\t\t<div class=\"elementor-widget-wrap elementor-element-populated\">\n\t\t\t\t\t\t<div class=\"elementor-element elementor-element-4fa4ae8 elementor-widget elementor-widget-text-editor\" data-id=\"4fa4ae8\" data-element_type=\"widget\" data-e-type=\"widget\" data-widget_type=\"text-editor.default\">\n\t\t\t\t<div class=\"elementor-widget-container\">\n\t\t\t\t\t\t\t\t\t<p>Die r\u00fcckspeisef\u00e4hige Stromsenke CS960 besitzt 16 unabh\u00e4ngige Eingangskan\u00e4le. Jeder Kanal stellt eine unabh\u00e4ngige elektronische Last mit einem im Bereich von 0 &#8230; 5,0A einstellbarem Sollstrom dar. Die Eingangsspannung kann von 3,3 &#8230; 60VDC variieren. Die Leistung je Kanal ist auf 60W begrenzt. F\u00fcr gr\u00f6\u00dfere Leistungen sind die Kan\u00e4le beliebig parallel schaltbar, z.B. 16 Kan\u00e4le f\u00fcr 1kW Leistung.<\/p>\n<p>Jeder Kanal wird von der Stromsenke CS960 autonom auf \u00dcber- und Unterschreitung von einstellbaren Spannungs-Sollwerten \u00fcberwacht. Dar\u00fcber hinaus verf\u00fcgt der Senkeneinschub \u00fcber viele weitere \u00dcberwachungs- und Selbsttest-Funktionen.<\/p>\t\t\t\t\t\t\t\t<\/div>\n\t\t\t\t<\/div>\n\t\t\t\t\t<\/div>\n\t\t<\/div>\n\t\t\t\t<div class=\"elementor-column elementor-col-50 elementor-inner-column elementor-element elementor-element-7a10265\" data-id=\"7a10265\" data-element_type=\"column\" data-e-type=\"column\">\n\t\t\t<div class=\"elementor-widget-wrap elementor-element-populated\">\n\t\t\t\t\t\t<div class=\"elementor-element elementor-element-a13f3ff elementor-widget elementor-widget-image\" data-id=\"a13f3ff\" data-element_type=\"widget\" data-e-type=\"widget\" data-widget_type=\"image.default\">\n\t\t\t\t<div class=\"elementor-widget-container\">\n\t\t\t\t\t\t\t\t\t\t\t\t\t\t\t<img fetchpriority=\"high\" decoding=\"async\" width=\"750\" height=\"616\" src=\"https:\/\/www.primuselectronic.de\/wp-content\/uploads\/2020\/07\/senkeprimus.jpg\" class=\"attachment-large size-large wp-image-63\" alt=\"\" srcset=\"https:\/\/www.primuselectronic.de\/wp-content\/uploads\/2020\/07\/senkeprimus.jpg 812w, https:\/\/www.primuselectronic.de\/wp-content\/uploads\/2020\/07\/senkeprimus-300x246.jpg 300w, https:\/\/www.primuselectronic.de\/wp-content\/uploads\/2020\/07\/senkeprimus-768x631.jpg 768w\" sizes=\"(max-width: 750px) 100vw, 750px\" \/>\t\t\t\t\t\t\t\t\t\t\t\t\t\t\t<\/div>\n\t\t\t\t<\/div>\n\t\t\t\t\t<\/div>\n\t\t<\/div>\n\t\t\t\t\t<\/div>\n\t\t<\/section>\n\t\t\t\t<section class=\"elementor-section elementor-inner-section elementor-element elementor-element-854c559 elementor-section-boxed elementor-section-height-default elementor-section-height-default\" data-id=\"854c559\" data-element_type=\"section\" data-e-type=\"section\">\n\t\t\t\t\t\t<div class=\"elementor-container elementor-column-gap-default\">\n\t\t\t\t\t<div class=\"elementor-column elementor-col-100 elementor-inner-column elementor-element elementor-element-0360573\" data-id=\"0360573\" data-element_type=\"column\" data-e-type=\"column\">\n\t\t\t<div class=\"elementor-widget-wrap elementor-element-populated\">\n\t\t\t\t\t\t<div class=\"elementor-element elementor-element-fba8848 elementor-widget elementor-widget-text-editor\" data-id=\"fba8848\" data-element_type=\"widget\" data-e-type=\"widget\" data-widget_type=\"text-editor.default\">\n\t\t\t\t<div class=\"elementor-widget-container\">\n\t\t\t\t\t\t\t\t\t<p>Zur manuellen Bedienung befinden sich auf der Frontseite des Ger\u00e4tes Taster, Siebensegmentanzeigen und Anzeige-LEDs jeweils getrennt f\u00fcr die Kanalgruppen 1-8 und 9-16.<\/p>\n<p>Die aufgenommene Energie wird nicht in W\u00e4rme umgesetzt, sondern in einen DC-Zwischenkreis eingespeist. Eine R\u00fcckspeiseeinheit speist die Energie von bis zu 16 angeschlossenen Stromsenken CS960 wieder in das Drehstromnetz zur\u00fcck.<\/p>\n<p>Die datentechnische Anbindung der Stromsenke CS960 (Bedienung, Konfiguration, Messwerte usw.) erfolgt \u00fcber CAN-Bus. Ein CAN-Bus-Ethernet-Umsetzer verbindet bis zu 16 Stromsenken mit der zentralen PC-Steuerung, sofern die Stromsenke Bestandteil unseres Komplettsystems ist.<\/p>\t\t\t\t\t\t\t\t<\/div>\n\t\t\t\t<\/div>\n\t\t\t\t\t<\/div>\n\t\t<\/div>\n\t\t\t\t\t<\/div>\n\t\t<\/section>\n\t\t\t\t<section class=\"elementor-section elementor-inner-section elementor-element elementor-element-35d791d elementor-section-boxed elementor-section-height-default elementor-section-height-default\" data-id=\"35d791d\" data-element_type=\"section\" data-e-type=\"section\">\n\t\t\t\t\t\t<div class=\"elementor-container elementor-column-gap-default\">\n\t\t\t\t\t<div class=\"elementor-column elementor-col-100 elementor-inner-column elementor-element elementor-element-12a1d4f\" data-id=\"12a1d4f\" data-element_type=\"column\" data-e-type=\"column\">\n\t\t\t<div class=\"elementor-widget-wrap elementor-element-populated\">\n\t\t\t\t\t\t<div class=\"elementor-element elementor-element-2989e9e elementor-widget elementor-widget-text-editor\" data-id=\"2989e9e\" data-element_type=\"widget\" data-e-type=\"widget\" data-widget_type=\"text-editor.default\">\n\t\t\t\t<div class=\"elementor-widget-container\">\n\t\t\t\t\t\t\t\t\t<p>Haupteinsatzgebiet der Stromsenke CS960 ist der Dauertest bzw. Burn-In-Test von DC-Stromversorgungen im Rahmen unseres Komplettsystems mit Energier\u00fcckspeisung.<br \/>Die Stromsenke kann jedoch auch autonom eingesetzt werden und ist f\u00fcr viele weitere Einsatzbereiche geeignet, bei denen bisher passive oder elektronische Lasten ohne Energier\u00fcckgewinnung und \u00dcberwachungsfunktionen eingesetzt wurden, wie z.B.<\/p>\t\t\t\t\t\t\t\t<\/div>\n\t\t\t\t<\/div>\n\t\t\t\t<div class=\"elementor-element elementor-element-5470de6 elementor-widget elementor-widget-text-editor\" data-id=\"5470de6\" data-element_type=\"widget\" data-e-type=\"widget\" data-widget_type=\"text-editor.default\">\n\t\t\t\t<div class=\"elementor-widget-container\">\n\t\t\t\t\t\t\t\t\t<ul><li>Test von Brennstoffzellen<\/li><li>Akkumulatoren- und Batterietests usw.<\/li><\/ul>\t\t\t\t\t\t\t\t<\/div>\n\t\t\t\t<\/div>\n\t\t\t\t\t<\/div>\n\t\t<\/div>\n\t\t\t\t\t<\/div>\n\t\t<\/section>\n\t\t\t\t\t<\/div>\n\t\t<\/div>\n\t\t\t\t\t<\/div>\n\t\t<\/section>\n\t\t\t\t<\/div>\n\t\t","protected":false},"excerpt":{"rendered":"<p>Stromsenken-Einschub CS960 16 unabh\u00e4ngige elektronische Lasten mit Energier\u00fcckspeisung Die r\u00fcckspeisef\u00e4hige Stromsenke CS960 besitzt 16 unabh\u00e4ngige Eingangskan\u00e4le. Jeder Kanal stellt eine unabh\u00e4ngige elektronische Last mit einem im Bereich von 0 &#8230; 5,0A einstellbarem Sollstrom dar. Die Eingangsspannung kann von 3,3 &#8230; 60VDC variieren. Die Leistung je Kanal ist auf 60W begrenzt. [&hellip;]<\/p>\n","protected":false},"author":2,"featured_media":0,"parent":0,"menu_order":0,"comment_status":"closed","ping_status":"closed","template":"","meta":{"footnotes":""},"class_list":["post-61","page","type-page","status-publish","hentry"],"yoast_head":"<!-- This site is optimized with the Yoast SEO plugin v27.5 - https:\/\/yoast.com\/product\/yoast-seo-wordpress\/ -->\n<title>Stromsenke CS960 - Primus Electronic Systems<\/title>\n<meta name=\"robots\" content=\"index, follow, max-snippet:-1, max-image-preview:large, max-video-preview:-1\" \/>\n<link rel=\"canonical\" href=\"https:\/\/www.primuselectronic.de\/index.php\/stromsenke-cs960\/\" \/>\n<meta property=\"og:locale\" content=\"de_DE\" \/>\n<meta property=\"og:type\" content=\"article\" \/>\n<meta property=\"og:title\" content=\"Stromsenke CS960 - Primus Electronic Systems\" \/>\n<meta property=\"og:description\" content=\"Stromsenken-Einschub CS960 16 unabh\u00e4ngige elektronische Lasten mit Energier\u00fcckspeisung Die r\u00fcckspeisef\u00e4hige Stromsenke CS960 besitzt 16 unabh\u00e4ngige Eingangskan\u00e4le. Jeder Kanal stellt eine unabh\u00e4ngige elektronische Last mit einem im Bereich von 0 &#8230; 5,0A einstellbarem Sollstrom dar. Die Eingangsspannung kann von 3,3 &#8230; 60VDC variieren. Die Leistung je Kanal ist auf 60W begrenzt. [&hellip;]\" \/>\n<meta property=\"og:url\" content=\"https:\/\/www.primuselectronic.de\/index.php\/stromsenke-cs960\/\" \/>\n<meta property=\"og:site_name\" content=\"Primus Electronic Systems\" \/>\n<meta property=\"article:modified_time\" content=\"2020-08-07T15:09:54+00:00\" \/>\n<meta property=\"og:image\" content=\"https:\/\/www.primuselectronic.de\/wp-content\/uploads\/2020\/07\/senkeprimus.jpg\" \/>\n<meta name=\"twitter:card\" content=\"summary_large_image\" \/>\n<meta name=\"twitter:label1\" content=\"Gesch\u00e4tzte Lesezeit\" \/>\n\t<meta name=\"twitter:data1\" content=\"1\u00a0Minute\" \/>\n<script type=\"application\/ld+json\" class=\"yoast-schema-graph\">{\"@context\":\"https:\\\/\\\/schema.org\",\"@graph\":[{\"@type\":\"WebPage\",\"@id\":\"https:\\\/\\\/www.primuselectronic.de\\\/index.php\\\/stromsenke-cs960\\\/\",\"url\":\"https:\\\/\\\/www.primuselectronic.de\\\/index.php\\\/stromsenke-cs960\\\/\",\"name\":\"Stromsenke CS960 - Primus Electronic Systems\",\"isPartOf\":{\"@id\":\"https:\\\/\\\/www.primuselectronic.de\\\/#website\"},\"primaryImageOfPage\":{\"@id\":\"https:\\\/\\\/www.primuselectronic.de\\\/index.php\\\/stromsenke-cs960\\\/#primaryimage\"},\"image\":{\"@id\":\"https:\\\/\\\/www.primuselectronic.de\\\/index.php\\\/stromsenke-cs960\\\/#primaryimage\"},\"thumbnailUrl\":\"https:\\\/\\\/www.primuselectronic.de\\\/wp-content\\\/uploads\\\/2020\\\/07\\\/senkeprimus.jpg\",\"datePublished\":\"2020-07-17T17:39:31+00:00\",\"dateModified\":\"2020-08-07T15:09:54+00:00\",\"breadcrumb\":{\"@id\":\"https:\\\/\\\/www.primuselectronic.de\\\/index.php\\\/stromsenke-cs960\\\/#breadcrumb\"},\"inLanguage\":\"de\",\"potentialAction\":[{\"@type\":\"ReadAction\",\"target\":[\"https:\\\/\\\/www.primuselectronic.de\\\/index.php\\\/stromsenke-cs960\\\/\"]}]},{\"@type\":\"ImageObject\",\"inLanguage\":\"de\",\"@id\":\"https:\\\/\\\/www.primuselectronic.de\\\/index.php\\\/stromsenke-cs960\\\/#primaryimage\",\"url\":\"https:\\\/\\\/www.primuselectronic.de\\\/wp-content\\\/uploads\\\/2020\\\/07\\\/senkeprimus.jpg\",\"contentUrl\":\"https:\\\/\\\/www.primuselectronic.de\\\/wp-content\\\/uploads\\\/2020\\\/07\\\/senkeprimus.jpg\",\"width\":812,\"height\":667},{\"@type\":\"BreadcrumbList\",\"@id\":\"https:\\\/\\\/www.primuselectronic.de\\\/index.php\\\/stromsenke-cs960\\\/#breadcrumb\",\"itemListElement\":[{\"@type\":\"ListItem\",\"position\":1,\"name\":\"Home\",\"item\":\"https:\\\/\\\/www.primuselectronic.de\\\/\"},{\"@type\":\"ListItem\",\"position\":2,\"name\":\"Stromsenke CS960\"}]},{\"@type\":\"WebSite\",\"@id\":\"https:\\\/\\\/www.primuselectronic.de\\\/#website\",\"url\":\"https:\\\/\\\/www.primuselectronic.de\\\/\",\"name\":\"Primus Electronic Systems\",\"description\":\"R\u00fcckspeisef\u00e4hige elektronische Lasten\",\"publisher\":{\"@id\":\"https:\\\/\\\/www.primuselectronic.de\\\/#organization\"},\"potentialAction\":[{\"@type\":\"SearchAction\",\"target\":{\"@type\":\"EntryPoint\",\"urlTemplate\":\"https:\\\/\\\/www.primuselectronic.de\\\/?s={search_term_string}\"},\"query-input\":{\"@type\":\"PropertyValueSpecification\",\"valueRequired\":true,\"valueName\":\"search_term_string\"}}],\"inLanguage\":\"de\"},{\"@type\":\"Organization\",\"@id\":\"https:\\\/\\\/www.primuselectronic.de\\\/#organization\",\"name\":\"Primus Electronic Systems\",\"url\":\"https:\\\/\\\/www.primuselectronic.de\\\/\",\"logo\":{\"@type\":\"ImageObject\",\"inLanguage\":\"de\",\"@id\":\"https:\\\/\\\/www.primuselectronic.de\\\/#\\\/schema\\\/logo\\\/image\\\/\",\"url\":\"https:\\\/\\\/www.primuselectronic.de\\\/wp-content\\\/uploads\\\/2020\\\/07\\\/primuslogo.png\",\"contentUrl\":\"https:\\\/\\\/www.primuselectronic.de\\\/wp-content\\\/uploads\\\/2020\\\/07\\\/primuslogo.png\",\"width\":150,\"height\":63,\"caption\":\"Primus Electronic Systems\"},\"image\":{\"@id\":\"https:\\\/\\\/www.primuselectronic.de\\\/#\\\/schema\\\/logo\\\/image\\\/\"}}]}<\/script>\n<!-- \/ Yoast SEO plugin. -->","yoast_head_json":{"title":"Stromsenke CS960 - Primus Electronic Systems","robots":{"index":"index","follow":"follow","max-snippet":"max-snippet:-1","max-image-preview":"max-image-preview:large","max-video-preview":"max-video-preview:-1"},"canonical":"https:\/\/www.primuselectronic.de\/index.php\/stromsenke-cs960\/","og_locale":"de_DE","og_type":"article","og_title":"Stromsenke CS960 - Primus Electronic Systems","og_description":"Stromsenken-Einschub CS960 16 unabh\u00e4ngige elektronische Lasten mit Energier\u00fcckspeisung Die r\u00fcckspeisef\u00e4hige Stromsenke CS960 besitzt 16 unabh\u00e4ngige Eingangskan\u00e4le. Jeder Kanal stellt eine unabh\u00e4ngige elektronische Last mit einem im Bereich von 0 &#8230; 5,0A einstellbarem Sollstrom dar. Die Eingangsspannung kann von 3,3 &#8230; 60VDC variieren. Die Leistung je Kanal ist auf 60W begrenzt. [&hellip;]","og_url":"https:\/\/www.primuselectronic.de\/index.php\/stromsenke-cs960\/","og_site_name":"Primus Electronic Systems","article_modified_time":"2020-08-07T15:09:54+00:00","og_image":[{"url":"https:\/\/www.primuselectronic.de\/wp-content\/uploads\/2020\/07\/senkeprimus.jpg","type":"","width":"","height":""}],"twitter_card":"summary_large_image","twitter_misc":{"Gesch\u00e4tzte Lesezeit":"1\u00a0Minute"},"schema":{"@context":"https:\/\/schema.org","@graph":[{"@type":"WebPage","@id":"https:\/\/www.primuselectronic.de\/index.php\/stromsenke-cs960\/","url":"https:\/\/www.primuselectronic.de\/index.php\/stromsenke-cs960\/","name":"Stromsenke CS960 - Primus Electronic Systems","isPartOf":{"@id":"https:\/\/www.primuselectronic.de\/#website"},"primaryImageOfPage":{"@id":"https:\/\/www.primuselectronic.de\/index.php\/stromsenke-cs960\/#primaryimage"},"image":{"@id":"https:\/\/www.primuselectronic.de\/index.php\/stromsenke-cs960\/#primaryimage"},"thumbnailUrl":"https:\/\/www.primuselectronic.de\/wp-content\/uploads\/2020\/07\/senkeprimus.jpg","datePublished":"2020-07-17T17:39:31+00:00","dateModified":"2020-08-07T15:09:54+00:00","breadcrumb":{"@id":"https:\/\/www.primuselectronic.de\/index.php\/stromsenke-cs960\/#breadcrumb"},"inLanguage":"de","potentialAction":[{"@type":"ReadAction","target":["https:\/\/www.primuselectronic.de\/index.php\/stromsenke-cs960\/"]}]},{"@type":"ImageObject","inLanguage":"de","@id":"https:\/\/www.primuselectronic.de\/index.php\/stromsenke-cs960\/#primaryimage","url":"https:\/\/www.primuselectronic.de\/wp-content\/uploads\/2020\/07\/senkeprimus.jpg","contentUrl":"https:\/\/www.primuselectronic.de\/wp-content\/uploads\/2020\/07\/senkeprimus.jpg","width":812,"height":667},{"@type":"BreadcrumbList","@id":"https:\/\/www.primuselectronic.de\/index.php\/stromsenke-cs960\/#breadcrumb","itemListElement":[{"@type":"ListItem","position":1,"name":"Home","item":"https:\/\/www.primuselectronic.de\/"},{"@type":"ListItem","position":2,"name":"Stromsenke CS960"}]},{"@type":"WebSite","@id":"https:\/\/www.primuselectronic.de\/#website","url":"https:\/\/www.primuselectronic.de\/","name":"Primus Electronic Systems","description":"R\u00fcckspeisef\u00e4hige elektronische Lasten","publisher":{"@id":"https:\/\/www.primuselectronic.de\/#organization"},"potentialAction":[{"@type":"SearchAction","target":{"@type":"EntryPoint","urlTemplate":"https:\/\/www.primuselectronic.de\/?s={search_term_string}"},"query-input":{"@type":"PropertyValueSpecification","valueRequired":true,"valueName":"search_term_string"}}],"inLanguage":"de"},{"@type":"Organization","@id":"https:\/\/www.primuselectronic.de\/#organization","name":"Primus Electronic Systems","url":"https:\/\/www.primuselectronic.de\/","logo":{"@type":"ImageObject","inLanguage":"de","@id":"https:\/\/www.primuselectronic.de\/#\/schema\/logo\/image\/","url":"https:\/\/www.primuselectronic.de\/wp-content\/uploads\/2020\/07\/primuslogo.png","contentUrl":"https:\/\/www.primuselectronic.de\/wp-content\/uploads\/2020\/07\/primuslogo.png","width":150,"height":63,"caption":"Primus Electronic Systems"},"image":{"@id":"https:\/\/www.primuselectronic.de\/#\/schema\/logo\/image\/"}}]}},"_links":{"self":[{"href":"https:\/\/www.primuselectronic.de\/index.php\/wp-json\/wp\/v2\/pages\/61","targetHints":{"allow":["GET"]}}],"collection":[{"href":"https:\/\/www.primuselectronic.de\/index.php\/wp-json\/wp\/v2\/pages"}],"about":[{"href":"https:\/\/www.primuselectronic.de\/index.php\/wp-json\/wp\/v2\/types\/page"}],"author":[{"embeddable":true,"href":"https:\/\/www.primuselectronic.de\/index.php\/wp-json\/wp\/v2\/users\/2"}],"replies":[{"embeddable":true,"href":"https:\/\/www.primuselectronic.de\/index.php\/wp-json\/wp\/v2\/comments?post=61"}],"version-history":[{"count":6,"href":"https:\/\/www.primuselectronic.de\/index.php\/wp-json\/wp\/v2\/pages\/61\/revisions"}],"predecessor-version":[{"id":147,"href":"https:\/\/www.primuselectronic.de\/index.php\/wp-json\/wp\/v2\/pages\/61\/revisions\/147"}],"wp:attachment":[{"href":"https:\/\/www.primuselectronic.de\/index.php\/wp-json\/wp\/v2\/media?parent=61"}],"curies":[{"name":"wp","href":"https:\/\/api.w.org\/{rel}","templated":true}]}}