{"id":68,"date":"2020-07-17T17:50:12","date_gmt":"2020-07-17T17:50:12","guid":{"rendered":"https:\/\/staging.primuselectronic.de\/?page_id=68"},"modified":"2020-08-07T14:49:03","modified_gmt":"2020-08-07T14:49:03","slug":"rueckspeiseeinheit","status":"publish","type":"page","link":"https:\/\/www.primuselectronic.de\/index.php\/rueckspeiseeinheit\/","title":{"rendered":"R\u00fcckspeiseeinheit"},"content":{"rendered":"\t\t<div data-elementor-type=\"wp-page\" data-elementor-id=\"68\" class=\"elementor elementor-68\">\n\t\t\t\t\t\t<section class=\"elementor-section elementor-top-section elementor-element elementor-element-187b178a elementor-section-boxed elementor-section-height-default elementor-section-height-default\" data-id=\"187b178a\" data-element_type=\"section\" data-e-type=\"section\">\n\t\t\t\t\t\t<div class=\"elementor-container elementor-column-gap-default\">\n\t\t\t\t\t<div class=\"elementor-column elementor-col-100 elementor-top-column elementor-element elementor-element-72561636\" data-id=\"72561636\" data-element_type=\"column\" data-e-type=\"column\">\n\t\t\t<div class=\"elementor-widget-wrap elementor-element-populated\">\n\t\t\t\t\t\t<section class=\"elementor-section elementor-inner-section elementor-element elementor-element-499d9cd elementor-section-boxed elementor-section-height-default elementor-section-height-default\" data-id=\"499d9cd\" data-element_type=\"section\" data-e-type=\"section\">\n\t\t\t\t\t\t<div class=\"elementor-container elementor-column-gap-default\">\n\t\t\t\t\t<div class=\"elementor-column elementor-col-100 elementor-inner-column elementor-element elementor-element-3e2dabd\" data-id=\"3e2dabd\" data-element_type=\"column\" data-e-type=\"column\">\n\t\t\t<div class=\"elementor-widget-wrap elementor-element-populated\">\n\t\t\t\t\t\t<div class=\"elementor-element elementor-element-a580a97 elementor-widget elementor-widget-text-editor\" data-id=\"a580a97\" data-element_type=\"widget\" data-e-type=\"widget\" data-widget_type=\"text-editor.default\">\n\t\t\t\t<div class=\"elementor-widget-container\">\n\t\t\t\t\t\t\t\t\t<p><strong>R\u00fcckspeise-Einheiten <\/strong><strong><span>f\u00fcr den Anschlu\u00df von bis zu 20 Stromsenken-Einsch\u00fcbe CS960<\/span><\/strong><\/p>\t\t\t\t\t\t\t\t<\/div>\n\t\t\t\t<\/div>\n\t\t\t\t\t<\/div>\n\t\t<\/div>\n\t\t\t\t\t<\/div>\n\t\t<\/section>\n\t\t\t\t<section class=\"elementor-section elementor-inner-section elementor-element elementor-element-ffce166 elementor-section-boxed elementor-section-height-default elementor-section-height-default\" data-id=\"ffce166\" data-element_type=\"section\" data-e-type=\"section\">\n\t\t\t\t\t\t<div class=\"elementor-container elementor-column-gap-default\">\n\t\t\t\t\t<div class=\"elementor-column elementor-col-50 elementor-inner-column elementor-element elementor-element-9e8771b\" data-id=\"9e8771b\" data-element_type=\"column\" data-e-type=\"column\">\n\t\t\t<div class=\"elementor-widget-wrap elementor-element-populated\">\n\t\t\t\t\t\t<div class=\"elementor-element elementor-element-f80ee2a elementor-widget elementor-widget-text-editor\" data-id=\"f80ee2a\" data-element_type=\"widget\" data-e-type=\"widget\" data-widget_type=\"text-editor.default\">\n\t\t\t\t<div class=\"elementor-widget-container\">\n\t\t\t\t\t\t\t\t\t<p>Die R\u00fcckspeiseeinheit speist die durch die Stromsenken CS960 in den Gleichspannungs-Zwischenkreis eingespeiste Leistung wieder in das 3~ 400VAC Netz zur\u00fcck. Der Energieflu\u00df ist bidirektional. Wird den Pr\u00fcflingen keine Leistung entnommen, h\u00e4lt die R\u00fcckspeiseeinheit den Zwischenkreis aufrecht zur Deckung des Eigenbedarfes der Stromsenken.<\/p>\n<p>F\u00fcr unterschiedliche Leistungsanforderungen ist die R\u00fcckspeiseeinheit in drei verschiedenen Leistungsstufen von 7kW, 14kW und 26 kW erh\u00e4ltlich. F\u00fcr gr\u00f6\u00dfere Leistungen bis mehrere 100kW lassen sich beliebig viele R\u00fcckspeiseeinheiten netzseitig parallelschalten. Zwischenkreisseitig ist keine Parallelschaltung erlaubt.<\/p>\t\t\t\t\t\t\t\t<\/div>\n\t\t\t\t<\/div>\n\t\t\t\t\t<\/div>\n\t\t<\/div>\n\t\t\t\t<div class=\"elementor-column elementor-col-50 elementor-inner-column elementor-element elementor-element-ef4ec66\" data-id=\"ef4ec66\" data-element_type=\"column\" data-e-type=\"column\">\n\t\t\t<div class=\"elementor-widget-wrap elementor-element-populated\">\n\t\t\t\t\t\t<div class=\"elementor-element elementor-element-796877d elementor-widget elementor-widget-image\" data-id=\"796877d\" data-element_type=\"widget\" data-e-type=\"widget\" data-widget_type=\"image.default\">\n\t\t\t\t<div class=\"elementor-widget-container\">\n\t\t\t\t\t\t\t\t\t\t\t\t\t\t\t<img fetchpriority=\"high\" decoding=\"async\" width=\"750\" height=\"747\" src=\"https:\/\/www.primuselectronic.de\/wp-content\/uploads\/2020\/07\/R\u00fcckspeiseeinheit_klein-1024x1020.jpg\" class=\"attachment-large size-large wp-image-70\" alt=\"\" srcset=\"https:\/\/www.primuselectronic.de\/wp-content\/uploads\/2020\/07\/R\u00fcckspeiseeinheit_klein-1024x1020.jpg 1024w, https:\/\/www.primuselectronic.de\/wp-content\/uploads\/2020\/07\/R\u00fcckspeiseeinheit_klein-300x300.jpg 300w, https:\/\/www.primuselectronic.de\/wp-content\/uploads\/2020\/07\/R\u00fcckspeiseeinheit_klein-150x150.jpg 150w, https:\/\/www.primuselectronic.de\/wp-content\/uploads\/2020\/07\/R\u00fcckspeiseeinheit_klein-768x765.jpg 768w, https:\/\/www.primuselectronic.de\/wp-content\/uploads\/2020\/07\/R\u00fcckspeiseeinheit_klein.jpg 1069w\" sizes=\"(max-width: 750px) 100vw, 750px\" \/>\t\t\t\t\t\t\t\t\t\t\t\t\t\t\t<\/div>\n\t\t\t\t<\/div>\n\t\t\t\t\t<\/div>\n\t\t<\/div>\n\t\t\t\t\t<\/div>\n\t\t<\/section>\n\t\t\t\t<section class=\"elementor-section elementor-inner-section elementor-element elementor-element-47f89cf elementor-section-boxed elementor-section-height-default elementor-section-height-default\" data-id=\"47f89cf\" data-element_type=\"section\" data-e-type=\"section\">\n\t\t\t\t\t\t<div class=\"elementor-container elementor-column-gap-default\">\n\t\t\t\t\t<div class=\"elementor-column elementor-col-100 elementor-inner-column elementor-element elementor-element-426b73d\" data-id=\"426b73d\" data-element_type=\"column\" data-e-type=\"column\">\n\t\t\t<div class=\"elementor-widget-wrap elementor-element-populated\">\n\t\t\t\t\t\t<div class=\"elementor-element elementor-element-874b707 elementor-widget elementor-widget-text-editor\" data-id=\"874b707\" data-element_type=\"widget\" data-e-type=\"widget\" data-widget_type=\"text-editor.default\">\n\t\t\t\t<div class=\"elementor-widget-container\">\n\t\t\t\t\t\t\t\t\t<p>Die R\u00fcckspeiseeinheiten sind zum Einbau in einen Schaltschrank oder abgeschlossene Betriebsr\u00e4ume bestimmt.<\/p>\t\t\t\t\t\t\t\t<\/div>\n\t\t\t\t<\/div>\n\t\t\t\t\t<\/div>\n\t\t<\/div>\n\t\t\t\t\t<\/div>\n\t\t<\/section>\n\t\t\t\t\t<\/div>\n\t\t<\/div>\n\t\t\t\t\t<\/div>\n\t\t<\/section>\n\t\t\t\t<\/div>\n\t\t","protected":false},"excerpt":{"rendered":"<p>R\u00fcckspeise-Einheiten f\u00fcr den Anschlu\u00df von bis zu 20 Stromsenken-Einsch\u00fcbe CS960 Die R\u00fcckspeiseeinheit speist die durch die Stromsenken CS960 in den Gleichspannungs-Zwischenkreis eingespeiste Leistung wieder in das 3~ 400VAC Netz zur\u00fcck. Der Energieflu\u00df ist bidirektional. Wird den Pr\u00fcflingen keine Leistung entnommen, h\u00e4lt die R\u00fcckspeiseeinheit den Zwischenkreis aufrecht zur Deckung des Eigenbedarfes [&hellip;]<\/p>\n","protected":false},"author":2,"featured_media":0,"parent":0,"menu_order":0,"comment_status":"closed","ping_status":"closed","template":"","meta":{"footnotes":""},"class_list":["post-68","page","type-page","status-publish","hentry"],"yoast_head":"<!-- This site is optimized with the Yoast SEO plugin v27.5 - https:\/\/yoast.com\/product\/yoast-seo-wordpress\/ -->\n<title>R\u00fcckspeiseeinheit - Primus Electronic Systems<\/title>\n<meta name=\"robots\" content=\"index, follow, max-snippet:-1, max-image-preview:large, max-video-preview:-1\" \/>\n<link rel=\"canonical\" href=\"https:\/\/www.primuselectronic.de\/index.php\/rueckspeiseeinheit\/\" \/>\n<meta property=\"og:locale\" content=\"de_DE\" \/>\n<meta property=\"og:type\" content=\"article\" \/>\n<meta property=\"og:title\" content=\"R\u00fcckspeiseeinheit - Primus Electronic Systems\" \/>\n<meta property=\"og:description\" content=\"R\u00fcckspeise-Einheiten f\u00fcr den Anschlu\u00df von bis zu 20 Stromsenken-Einsch\u00fcbe CS960 Die R\u00fcckspeiseeinheit speist die durch die Stromsenken CS960 in den Gleichspannungs-Zwischenkreis eingespeiste Leistung wieder in das 3~ 400VAC Netz zur\u00fcck. Der Energieflu\u00df ist bidirektional. Wird den Pr\u00fcflingen keine Leistung entnommen, h\u00e4lt die R\u00fcckspeiseeinheit den Zwischenkreis aufrecht zur Deckung des Eigenbedarfes [&hellip;]\" \/>\n<meta property=\"og:url\" content=\"https:\/\/www.primuselectronic.de\/index.php\/rueckspeiseeinheit\/\" \/>\n<meta property=\"og:site_name\" content=\"Primus Electronic Systems\" \/>\n<meta property=\"article:modified_time\" content=\"2020-08-07T14:49:03+00:00\" \/>\n<meta property=\"og:image\" content=\"https:\/\/www.primuselectronic.de\/wp-content\/uploads\/2020\/07\/R\u00fcckspeiseeinheit_klein-1024x1020.jpg\" \/>\n<meta name=\"twitter:card\" content=\"summary_large_image\" \/>\n<meta name=\"twitter:label1\" content=\"Gesch\u00e4tzte Lesezeit\" \/>\n\t<meta name=\"twitter:data1\" content=\"1\u00a0Minute\" \/>\n<script type=\"application\/ld+json\" class=\"yoast-schema-graph\">{\"@context\":\"https:\\\/\\\/schema.org\",\"@graph\":[{\"@type\":\"WebPage\",\"@id\":\"https:\\\/\\\/www.primuselectronic.de\\\/index.php\\\/rueckspeiseeinheit\\\/\",\"url\":\"https:\\\/\\\/www.primuselectronic.de\\\/index.php\\\/rueckspeiseeinheit\\\/\",\"name\":\"R\u00fcckspeiseeinheit - Primus Electronic Systems\",\"isPartOf\":{\"@id\":\"https:\\\/\\\/www.primuselectronic.de\\\/#website\"},\"datePublished\":\"2020-07-17T17:50:12+00:00\",\"dateModified\":\"2020-08-07T14:49:03+00:00\",\"breadcrumb\":{\"@id\":\"https:\\\/\\\/www.primuselectronic.de\\\/index.php\\\/rueckspeiseeinheit\\\/#breadcrumb\"},\"inLanguage\":\"de\",\"potentialAction\":[{\"@type\":\"ReadAction\",\"target\":[\"https:\\\/\\\/www.primuselectronic.de\\\/index.php\\\/rueckspeiseeinheit\\\/\"]}]},{\"@type\":\"BreadcrumbList\",\"@id\":\"https:\\\/\\\/www.primuselectronic.de\\\/index.php\\\/rueckspeiseeinheit\\\/#breadcrumb\",\"itemListElement\":[{\"@type\":\"ListItem\",\"position\":1,\"name\":\"Home\",\"item\":\"https:\\\/\\\/www.primuselectronic.de\\\/\"},{\"@type\":\"ListItem\",\"position\":2,\"name\":\"R\u00fcckspeiseeinheit\"}]},{\"@type\":\"WebSite\",\"@id\":\"https:\\\/\\\/www.primuselectronic.de\\\/#website\",\"url\":\"https:\\\/\\\/www.primuselectronic.de\\\/\",\"name\":\"Primus Electronic Systems\",\"description\":\"R\u00fcckspeisef\u00e4hige elektronische Lasten\",\"publisher\":{\"@id\":\"https:\\\/\\\/www.primuselectronic.de\\\/#organization\"},\"potentialAction\":[{\"@type\":\"SearchAction\",\"target\":{\"@type\":\"EntryPoint\",\"urlTemplate\":\"https:\\\/\\\/www.primuselectronic.de\\\/?s={search_term_string}\"},\"query-input\":{\"@type\":\"PropertyValueSpecification\",\"valueRequired\":true,\"valueName\":\"search_term_string\"}}],\"inLanguage\":\"de\"},{\"@type\":\"Organization\",\"@id\":\"https:\\\/\\\/www.primuselectronic.de\\\/#organization\",\"name\":\"Primus Electronic Systems\",\"url\":\"https:\\\/\\\/www.primuselectronic.de\\\/\",\"logo\":{\"@type\":\"ImageObject\",\"inLanguage\":\"de\",\"@id\":\"https:\\\/\\\/www.primuselectronic.de\\\/#\\\/schema\\\/logo\\\/image\\\/\",\"url\":\"https:\\\/\\\/www.primuselectronic.de\\\/wp-content\\\/uploads\\\/2020\\\/07\\\/primuslogo.png\",\"contentUrl\":\"https:\\\/\\\/www.primuselectronic.de\\\/wp-content\\\/uploads\\\/2020\\\/07\\\/primuslogo.png\",\"width\":150,\"height\":63,\"caption\":\"Primus Electronic Systems\"},\"image\":{\"@id\":\"https:\\\/\\\/www.primuselectronic.de\\\/#\\\/schema\\\/logo\\\/image\\\/\"}}]}<\/script>\n<!-- \/ Yoast SEO plugin. -->","yoast_head_json":{"title":"R\u00fcckspeiseeinheit - Primus Electronic Systems","robots":{"index":"index","follow":"follow","max-snippet":"max-snippet:-1","max-image-preview":"max-image-preview:large","max-video-preview":"max-video-preview:-1"},"canonical":"https:\/\/www.primuselectronic.de\/index.php\/rueckspeiseeinheit\/","og_locale":"de_DE","og_type":"article","og_title":"R\u00fcckspeiseeinheit - Primus Electronic Systems","og_description":"R\u00fcckspeise-Einheiten f\u00fcr den Anschlu\u00df von bis zu 20 Stromsenken-Einsch\u00fcbe CS960 Die R\u00fcckspeiseeinheit speist die durch die Stromsenken CS960 in den Gleichspannungs-Zwischenkreis eingespeiste Leistung wieder in das 3~ 400VAC Netz zur\u00fcck. Der Energieflu\u00df ist bidirektional. Wird den Pr\u00fcflingen keine Leistung entnommen, h\u00e4lt die R\u00fcckspeiseeinheit den Zwischenkreis aufrecht zur Deckung des Eigenbedarfes [&hellip;]","og_url":"https:\/\/www.primuselectronic.de\/index.php\/rueckspeiseeinheit\/","og_site_name":"Primus Electronic Systems","article_modified_time":"2020-08-07T14:49:03+00:00","og_image":[{"url":"https:\/\/www.primuselectronic.de\/wp-content\/uploads\/2020\/07\/R\u00fcckspeiseeinheit_klein-1024x1020.jpg","type":"","width":"","height":""}],"twitter_card":"summary_large_image","twitter_misc":{"Gesch\u00e4tzte Lesezeit":"1\u00a0Minute"},"schema":{"@context":"https:\/\/schema.org","@graph":[{"@type":"WebPage","@id":"https:\/\/www.primuselectronic.de\/index.php\/rueckspeiseeinheit\/","url":"https:\/\/www.primuselectronic.de\/index.php\/rueckspeiseeinheit\/","name":"R\u00fcckspeiseeinheit - Primus Electronic Systems","isPartOf":{"@id":"https:\/\/www.primuselectronic.de\/#website"},"datePublished":"2020-07-17T17:50:12+00:00","dateModified":"2020-08-07T14:49:03+00:00","breadcrumb":{"@id":"https:\/\/www.primuselectronic.de\/index.php\/rueckspeiseeinheit\/#breadcrumb"},"inLanguage":"de","potentialAction":[{"@type":"ReadAction","target":["https:\/\/www.primuselectronic.de\/index.php\/rueckspeiseeinheit\/"]}]},{"@type":"BreadcrumbList","@id":"https:\/\/www.primuselectronic.de\/index.php\/rueckspeiseeinheit\/#breadcrumb","itemListElement":[{"@type":"ListItem","position":1,"name":"Home","item":"https:\/\/www.primuselectronic.de\/"},{"@type":"ListItem","position":2,"name":"R\u00fcckspeiseeinheit"}]},{"@type":"WebSite","@id":"https:\/\/www.primuselectronic.de\/#website","url":"https:\/\/www.primuselectronic.de\/","name":"Primus Electronic Systems","description":"R\u00fcckspeisef\u00e4hige elektronische Lasten","publisher":{"@id":"https:\/\/www.primuselectronic.de\/#organization"},"potentialAction":[{"@type":"SearchAction","target":{"@type":"EntryPoint","urlTemplate":"https:\/\/www.primuselectronic.de\/?s={search_term_string}"},"query-input":{"@type":"PropertyValueSpecification","valueRequired":true,"valueName":"search_term_string"}}],"inLanguage":"de"},{"@type":"Organization","@id":"https:\/\/www.primuselectronic.de\/#organization","name":"Primus Electronic Systems","url":"https:\/\/www.primuselectronic.de\/","logo":{"@type":"ImageObject","inLanguage":"de","@id":"https:\/\/www.primuselectronic.de\/#\/schema\/logo\/image\/","url":"https:\/\/www.primuselectronic.de\/wp-content\/uploads\/2020\/07\/primuslogo.png","contentUrl":"https:\/\/www.primuselectronic.de\/wp-content\/uploads\/2020\/07\/primuslogo.png","width":150,"height":63,"caption":"Primus Electronic Systems"},"image":{"@id":"https:\/\/www.primuselectronic.de\/#\/schema\/logo\/image\/"}}]}},"_links":{"self":[{"href":"https:\/\/www.primuselectronic.de\/index.php\/wp-json\/wp\/v2\/pages\/68","targetHints":{"allow":["GET"]}}],"collection":[{"href":"https:\/\/www.primuselectronic.de\/index.php\/wp-json\/wp\/v2\/pages"}],"about":[{"href":"https:\/\/www.primuselectronic.de\/index.php\/wp-json\/wp\/v2\/types\/page"}],"author":[{"embeddable":true,"href":"https:\/\/www.primuselectronic.de\/index.php\/wp-json\/wp\/v2\/users\/2"}],"replies":[{"embeddable":true,"href":"https:\/\/www.primuselectronic.de\/index.php\/wp-json\/wp\/v2\/comments?post=68"}],"version-history":[{"count":4,"href":"https:\/\/www.primuselectronic.de\/index.php\/wp-json\/wp\/v2\/pages\/68\/revisions"}],"predecessor-version":[{"id":149,"href":"https:\/\/www.primuselectronic.de\/index.php\/wp-json\/wp\/v2\/pages\/68\/revisions\/149"}],"wp:attachment":[{"href":"https:\/\/www.primuselectronic.de\/index.php\/wp-json\/wp\/v2\/media?parent=68"}],"curies":[{"name":"wp","href":"https:\/\/api.w.org\/{rel}","templated":true}]}}