{"id":72,"date":"2020-07-17T17:54:41","date_gmt":"2020-07-17T17:54:41","guid":{"rendered":"https:\/\/staging.primuselectronic.de\/?page_id=72"},"modified":"2020-08-07T15:11:25","modified_gmt":"2020-08-07T15:11:25","slug":"baugruppentraeger","status":"publish","type":"page","link":"https:\/\/www.primuselectronic.de\/index.php\/baugruppentraeger\/","title":{"rendered":"Baugruppentr\u00e4ger"},"content":{"rendered":"\t\t<div data-elementor-type=\"wp-page\" data-elementor-id=\"72\" class=\"elementor elementor-72\">\n\t\t\t\t\t\t<section class=\"elementor-section elementor-top-section elementor-element elementor-element-0056e45 elementor-section-boxed elementor-section-height-default elementor-section-height-default\" data-id=\"0056e45\" data-element_type=\"section\" data-e-type=\"section\">\n\t\t\t\t\t\t<div class=\"elementor-container elementor-column-gap-default\">\n\t\t\t\t\t<div class=\"elementor-column elementor-col-100 elementor-top-column elementor-element elementor-element-a78feb9\" data-id=\"a78feb9\" data-element_type=\"column\" data-e-type=\"column\">\n\t\t\t<div class=\"elementor-widget-wrap elementor-element-populated\">\n\t\t\t\t\t\t<div class=\"elementor-element elementor-element-762a36f elementor-widget elementor-widget-text-editor\" data-id=\"762a36f\" data-element_type=\"widget\" data-e-type=\"widget\" data-widget_type=\"text-editor.default\">\n\t\t\t\t<div class=\"elementor-widget-container\">\n\t\t\t\t\t\t\t\t\t<p><strong><span>Baugruppentr\u00e4ger<\/span><\/strong><\/p><p><strong><span>zur Aufnahme von 4 oder 8 Stromsenken-Einsch\u00fcbe CS960<\/span><\/strong><\/p>\t\t\t\t\t\t\t\t<\/div>\n\t\t\t\t<\/div>\n\t\t\t\t<div class=\"elementor-element elementor-element-daf10bd elementor-widget elementor-widget-text-editor\" data-id=\"daf10bd\" data-element_type=\"widget\" data-e-type=\"widget\" data-widget_type=\"text-editor.default\">\n\t\t\t\t<div class=\"elementor-widget-container\">\n\t\t\t\t\t\t\t\t\t<ul><li>19&#8243;, 3 HE f\u00fcr bis zu 4 Stromsenken-Einsch\u00fcbe CS960 (zuz\u00fcgl. 1 HE f\u00fcr L\u00fcftereinschub)<\/li><li>19&#8243;, 6 HE f\u00fcr bis zu 8 Stromsenken-Einsch\u00fcbe CS960 (zuz\u00fcgl. 1 HE f\u00fcr L\u00fcftereinschub)<\/li><li>Tiefe ca. 320mm<\/li><li>komplett verdrahtet mit PCB Backplane<\/li><li>r\u00fcckseitig K\u00e4figzugfederklemmen f\u00fcr s\u00e4mtliche Anschl\u00fcsse<\/li><li>Zwangsk\u00fchlung mit temperaturgeregelten 24V-L\u00fcftern<\/li><\/ul>\t\t\t\t\t\t\t\t<\/div>\n\t\t\t\t<\/div>\n\t\t\t\t\t<\/div>\n\t\t<\/div>\n\t\t\t\t\t<\/div>\n\t\t<\/section>\n\t\t\t\t<\/div>\n\t\t","protected":false},"excerpt":{"rendered":"<p>Baugruppentr\u00e4ger zur Aufnahme von 4 oder 8 Stromsenken-Einsch\u00fcbe CS960 19&#8243;, 3 HE f\u00fcr bis zu 4 Stromsenken-Einsch\u00fcbe CS960 (zuz\u00fcgl. 1 HE f\u00fcr L\u00fcftereinschub) 19&#8243;, 6 HE f\u00fcr bis zu 8 Stromsenken-Einsch\u00fcbe CS960 (zuz\u00fcgl. 1 HE f\u00fcr L\u00fcftereinschub) Tiefe ca. 320mm komplett verdrahtet mit PCB Backplane r\u00fcckseitig K\u00e4figzugfederklemmen f\u00fcr s\u00e4mtliche Anschl\u00fcsse [&hellip;]<\/p>\n","protected":false},"author":2,"featured_media":0,"parent":0,"menu_order":0,"comment_status":"closed","ping_status":"closed","template":"","meta":{"footnotes":""},"class_list":["post-72","page","type-page","status-publish","hentry"],"yoast_head":"<!-- This site is optimized with the Yoast SEO plugin v27.5 - https:\/\/yoast.com\/product\/yoast-seo-wordpress\/ -->\n<title>Baugruppentr\u00e4ger - Primus Electronic Systems<\/title>\n<meta name=\"robots\" content=\"index, follow, max-snippet:-1, max-image-preview:large, max-video-preview:-1\" \/>\n<link rel=\"canonical\" href=\"https:\/\/www.primuselectronic.de\/index.php\/baugruppentraeger\/\" \/>\n<meta property=\"og:locale\" content=\"de_DE\" \/>\n<meta property=\"og:type\" content=\"article\" \/>\n<meta property=\"og:title\" content=\"Baugruppentr\u00e4ger - Primus Electronic Systems\" \/>\n<meta property=\"og:description\" content=\"Baugruppentr\u00e4ger zur Aufnahme von 4 oder 8 Stromsenken-Einsch\u00fcbe CS960 19&#8243;, 3 HE f\u00fcr bis zu 4 Stromsenken-Einsch\u00fcbe CS960 (zuz\u00fcgl. 1 HE f\u00fcr L\u00fcftereinschub) 19&#8243;, 6 HE f\u00fcr bis zu 8 Stromsenken-Einsch\u00fcbe CS960 (zuz\u00fcgl. 1 HE f\u00fcr L\u00fcftereinschub) Tiefe ca. 320mm komplett verdrahtet mit PCB Backplane r\u00fcckseitig K\u00e4figzugfederklemmen f\u00fcr s\u00e4mtliche Anschl\u00fcsse [&hellip;]\" \/>\n<meta property=\"og:url\" content=\"https:\/\/www.primuselectronic.de\/index.php\/baugruppentraeger\/\" \/>\n<meta property=\"og:site_name\" content=\"Primus Electronic Systems\" \/>\n<meta property=\"article:modified_time\" content=\"2020-08-07T15:11:25+00:00\" \/>\n<meta name=\"twitter:card\" content=\"summary_large_image\" \/>\n<script type=\"application\/ld+json\" class=\"yoast-schema-graph\">{\"@context\":\"https:\\\/\\\/schema.org\",\"@graph\":[{\"@type\":\"WebPage\",\"@id\":\"https:\\\/\\\/www.primuselectronic.de\\\/index.php\\\/baugruppentraeger\\\/\",\"url\":\"https:\\\/\\\/www.primuselectronic.de\\\/index.php\\\/baugruppentraeger\\\/\",\"name\":\"Baugruppentr\u00e4ger - Primus Electronic Systems\",\"isPartOf\":{\"@id\":\"https:\\\/\\\/www.primuselectronic.de\\\/#website\"},\"datePublished\":\"2020-07-17T17:54:41+00:00\",\"dateModified\":\"2020-08-07T15:11:25+00:00\",\"breadcrumb\":{\"@id\":\"https:\\\/\\\/www.primuselectronic.de\\\/index.php\\\/baugruppentraeger\\\/#breadcrumb\"},\"inLanguage\":\"de\",\"potentialAction\":[{\"@type\":\"ReadAction\",\"target\":[\"https:\\\/\\\/www.primuselectronic.de\\\/index.php\\\/baugruppentraeger\\\/\"]}]},{\"@type\":\"BreadcrumbList\",\"@id\":\"https:\\\/\\\/www.primuselectronic.de\\\/index.php\\\/baugruppentraeger\\\/#breadcrumb\",\"itemListElement\":[{\"@type\":\"ListItem\",\"position\":1,\"name\":\"Home\",\"item\":\"https:\\\/\\\/www.primuselectronic.de\\\/\"},{\"@type\":\"ListItem\",\"position\":2,\"name\":\"Baugruppentr\u00e4ger\"}]},{\"@type\":\"WebSite\",\"@id\":\"https:\\\/\\\/www.primuselectronic.de\\\/#website\",\"url\":\"https:\\\/\\\/www.primuselectronic.de\\\/\",\"name\":\"Primus Electronic Systems\",\"description\":\"R\u00fcckspeisef\u00e4hige elektronische Lasten\",\"publisher\":{\"@id\":\"https:\\\/\\\/www.primuselectronic.de\\\/#organization\"},\"potentialAction\":[{\"@type\":\"SearchAction\",\"target\":{\"@type\":\"EntryPoint\",\"urlTemplate\":\"https:\\\/\\\/www.primuselectronic.de\\\/?s={search_term_string}\"},\"query-input\":{\"@type\":\"PropertyValueSpecification\",\"valueRequired\":true,\"valueName\":\"search_term_string\"}}],\"inLanguage\":\"de\"},{\"@type\":\"Organization\",\"@id\":\"https:\\\/\\\/www.primuselectronic.de\\\/#organization\",\"name\":\"Primus Electronic Systems\",\"url\":\"https:\\\/\\\/www.primuselectronic.de\\\/\",\"logo\":{\"@type\":\"ImageObject\",\"inLanguage\":\"de\",\"@id\":\"https:\\\/\\\/www.primuselectronic.de\\\/#\\\/schema\\\/logo\\\/image\\\/\",\"url\":\"https:\\\/\\\/www.primuselectronic.de\\\/wp-content\\\/uploads\\\/2020\\\/07\\\/primuslogo.png\",\"contentUrl\":\"https:\\\/\\\/www.primuselectronic.de\\\/wp-content\\\/uploads\\\/2020\\\/07\\\/primuslogo.png\",\"width\":150,\"height\":63,\"caption\":\"Primus Electronic Systems\"},\"image\":{\"@id\":\"https:\\\/\\\/www.primuselectronic.de\\\/#\\\/schema\\\/logo\\\/image\\\/\"}}]}<\/script>\n<!-- \/ Yoast SEO plugin. -->","yoast_head_json":{"title":"Baugruppentr\u00e4ger - Primus Electronic Systems","robots":{"index":"index","follow":"follow","max-snippet":"max-snippet:-1","max-image-preview":"max-image-preview:large","max-video-preview":"max-video-preview:-1"},"canonical":"https:\/\/www.primuselectronic.de\/index.php\/baugruppentraeger\/","og_locale":"de_DE","og_type":"article","og_title":"Baugruppentr\u00e4ger - Primus Electronic Systems","og_description":"Baugruppentr\u00e4ger zur Aufnahme von 4 oder 8 Stromsenken-Einsch\u00fcbe CS960 19&#8243;, 3 HE f\u00fcr bis zu 4 Stromsenken-Einsch\u00fcbe CS960 (zuz\u00fcgl. 1 HE f\u00fcr L\u00fcftereinschub) 19&#8243;, 6 HE f\u00fcr bis zu 8 Stromsenken-Einsch\u00fcbe CS960 (zuz\u00fcgl. 1 HE f\u00fcr L\u00fcftereinschub) Tiefe ca. 320mm komplett verdrahtet mit PCB Backplane r\u00fcckseitig K\u00e4figzugfederklemmen f\u00fcr s\u00e4mtliche Anschl\u00fcsse [&hellip;]","og_url":"https:\/\/www.primuselectronic.de\/index.php\/baugruppentraeger\/","og_site_name":"Primus Electronic Systems","article_modified_time":"2020-08-07T15:11:25+00:00","twitter_card":"summary_large_image","schema":{"@context":"https:\/\/schema.org","@graph":[{"@type":"WebPage","@id":"https:\/\/www.primuselectronic.de\/index.php\/baugruppentraeger\/","url":"https:\/\/www.primuselectronic.de\/index.php\/baugruppentraeger\/","name":"Baugruppentr\u00e4ger - Primus Electronic Systems","isPartOf":{"@id":"https:\/\/www.primuselectronic.de\/#website"},"datePublished":"2020-07-17T17:54:41+00:00","dateModified":"2020-08-07T15:11:25+00:00","breadcrumb":{"@id":"https:\/\/www.primuselectronic.de\/index.php\/baugruppentraeger\/#breadcrumb"},"inLanguage":"de","potentialAction":[{"@type":"ReadAction","target":["https:\/\/www.primuselectronic.de\/index.php\/baugruppentraeger\/"]}]},{"@type":"BreadcrumbList","@id":"https:\/\/www.primuselectronic.de\/index.php\/baugruppentraeger\/#breadcrumb","itemListElement":[{"@type":"ListItem","position":1,"name":"Home","item":"https:\/\/www.primuselectronic.de\/"},{"@type":"ListItem","position":2,"name":"Baugruppentr\u00e4ger"}]},{"@type":"WebSite","@id":"https:\/\/www.primuselectronic.de\/#website","url":"https:\/\/www.primuselectronic.de\/","name":"Primus Electronic Systems","description":"R\u00fcckspeisef\u00e4hige elektronische Lasten","publisher":{"@id":"https:\/\/www.primuselectronic.de\/#organization"},"potentialAction":[{"@type":"SearchAction","target":{"@type":"EntryPoint","urlTemplate":"https:\/\/www.primuselectronic.de\/?s={search_term_string}"},"query-input":{"@type":"PropertyValueSpecification","valueRequired":true,"valueName":"search_term_string"}}],"inLanguage":"de"},{"@type":"Organization","@id":"https:\/\/www.primuselectronic.de\/#organization","name":"Primus Electronic Systems","url":"https:\/\/www.primuselectronic.de\/","logo":{"@type":"ImageObject","inLanguage":"de","@id":"https:\/\/www.primuselectronic.de\/#\/schema\/logo\/image\/","url":"https:\/\/www.primuselectronic.de\/wp-content\/uploads\/2020\/07\/primuslogo.png","contentUrl":"https:\/\/www.primuselectronic.de\/wp-content\/uploads\/2020\/07\/primuslogo.png","width":150,"height":63,"caption":"Primus Electronic Systems"},"image":{"@id":"https:\/\/www.primuselectronic.de\/#\/schema\/logo\/image\/"}}]}},"_links":{"self":[{"href":"https:\/\/www.primuselectronic.de\/index.php\/wp-json\/wp\/v2\/pages\/72","targetHints":{"allow":["GET"]}}],"collection":[{"href":"https:\/\/www.primuselectronic.de\/index.php\/wp-json\/wp\/v2\/pages"}],"about":[{"href":"https:\/\/www.primuselectronic.de\/index.php\/wp-json\/wp\/v2\/types\/page"}],"author":[{"embeddable":true,"href":"https:\/\/www.primuselectronic.de\/index.php\/wp-json\/wp\/v2\/users\/2"}],"replies":[{"embeddable":true,"href":"https:\/\/www.primuselectronic.de\/index.php\/wp-json\/wp\/v2\/comments?post=72"}],"version-history":[{"count":5,"href":"https:\/\/www.primuselectronic.de\/index.php\/wp-json\/wp\/v2\/pages\/72\/revisions"}],"predecessor-version":[{"id":164,"href":"https:\/\/www.primuselectronic.de\/index.php\/wp-json\/wp\/v2\/pages\/72\/revisions\/164"}],"wp:attachment":[{"href":"https:\/\/www.primuselectronic.de\/index.php\/wp-json\/wp\/v2\/media?parent=72"}],"curies":[{"name":"wp","href":"https:\/\/api.w.org\/{rel}","templated":true}]}}